24 - 7*c**3/6 - 2*c**2 - 182*c. Calculate p(18).
11
Let g(s) = -11*s**2 - 2*s - 1. Let p(x) = -16*x**2 - 3*x - 3. Let q(v) = -3*g(v) + 2*p(v). Determine q(-4).
13
Let n(f) = -18*f + 9. Let g(b) = -29*b + 14. Let a(k) = -5*g(k) + 8*n(k). Let x = -205 - -214. Determine a(x).
11
Let t(r) = -r - 6. Let h(o) = o**2 - 47*o - 56. Let c be h(33). Let b = c + 515. Give t(b).
-3
Suppose -14*b + 738 = 68*b. Let k(f) = -f**2 + 7*f + 24. Calculate k(b).
6
Let q(x) be the first derivative of -x**3/3 + 21*x**2/2 + 4*x - 1356. What is q(21)?
4
Let s(h) = 2*h + 12. Let c be s(-5). Let t(p) = -4*p + p**2 + 0*p**c + 82 - 87. Determine t(5).
0
Let o(k) = -k**2 - k - 4. Suppose -5*l = -7*l + 152. Let p = 73 - l. Determine o(p).
-10
Let q(x) = x**2 - x - 3. Let o = 58 - 54. Suppose 0 = o*p + 67 + 121. Let k = -50 - p. Determine q(k).
9
Let t(o) = o**3 + o. Suppose -5*j - 29 = -39. Suppose -f = -z - 2, 5*f = j*z + z + 16. Suppose 25 - 22 = -z*d. Give t(d).
-2
Let t(d) = 3*d - 13. Let m be t(5). Let i(l) = -l**3 + l**2 - l + 1. Let g(f) = -f**3 + f**2 - f + 10. Let x(h) = m*i(h) - g(h). Determine x(0).
-8
Suppose k = -2*k - 12, -g = -k - 7. Let v(d) = -4*d + 14. Let n be v(g). Let i(p) = 13*p**n - 22*p**2 + 13*p**2 + p**3 - 6*p + 1. What is i(-5)?
6
Let x(j) = -12*j - 3. Let m(r) = 2 + 3*r**2 + 2 + 4 + 17*r. Let w be m(-5). What is x(w)?
21
Let p = 184 - 182. Suppose -p*w + 17*w - 75 = 0. Let c(s) = -s**3 + 6*s**2 - s. Give c(w).
20
Let y(b) = 10*b**2 - 648*b - 136. Let x be y(65). Let a(n) = -n**3 - 4*n**2 + 13*n - 7. What is a(x)?
-13
Let v = 190 + -188. Let o(k) = -k + 2 - 2 - k**3 + 5*k**v - 7 + 0. Determine o(5).
-12
Suppose 48 = -4*m + 16. Let x(p) = 3*p + 40. Let f(v) = 9*v + 120. Let t(y) = m*x(y) + 3*f(y). Let n be t(-16). Let h(k) = k**2 + 5*k - 11. Calculate h(n).
13
Let i(u) = 8 - 16*u - 25*u + 39*u. Let g = 1902 + -1894. What is i(g)?
-8
Let j(v) = -7*v**2 + 4*v - 11. Let c be j(3). Let b = 67 + c. Let o(y) = y**3 + 2 + 5*y**2 + 2*y**3 + y**3 - 5*y**3 + b*y. What is o(6)?
-4
Let o(u) = -20*u**2 - 103*u - 16. Let b(w) = 5*w**2 + 17*w + 1. Let s(k) = -6*b(k) - o(k). Give s(3).
-77
Let q(t) be the third derivative of t**6/120 + 7*t**5/60 + 7*t**4/24 - t**3/3 + t**2 - 441. Let g(b) = 8*b + 2. Let p be g(-1). Calculate q(p).
-8
Let k(c) be the first derivative of c**4/2 - 92*c**3/3 + c**2 - 101*c + 9231. What is k(46)?
-9
Let m(b) = -b**3 + 4*b**2 - 2*b + 3. Let y = 411 - 361. Suppose -35*a - 45 = -y*a. What is m(a)?
6
Let r(v) = -4*v - 38. Let k be r(-9). Let b(u) = 4*u. Let g(f) = -15*f + 1. Let x(y) = 9*b(y) + 2*g(y). Calculate x(k).
-10
Let r(a) = 0*a**2 - 3 - 7 - 7972*a + 0 + 7984*a - a**3 - 2*a**2. Give r(5).
-125
Let l(a) = -82*a + 23 + 32*a - 1816*a**2 + 1839*a**2 + a**3. What is l(-25)?
23
Let r = 8 + -12. Let f be (13/(-52))/(9/(-252)). Let d = r + f. Let o(t) = t**3 - 4*t**2 + 2. What is o(d)?
-7
Let n(a) = -a + 581 + 562 + a**2 - 1139. Give n(5).
24
Suppose 4*g - 48 = -5*s, -3*g = -0*g + 2*s - 29. Let m be (60/50)/((-2)/20*-2). Let t(d) = -4*d**2 + 4*d**3 - d**3 - 4 - 2*d**3 - 2*d**2 - m*d. Give t(g).
3
Let v(l) = -7*l + 12. Suppose -18*n = -0*n - n + 221. What is v(n)?
103
Let m(y) = y**3 + 13*y**2 + 2*y - 121. Suppose 2*q = b, 2*b + 18 - 12 = 3*q. Give m(b).
-1
Suppose 236*r = 240*r - 12. Let l(w) = -w**2 - 4*w + 8. Calculate l(r).
-13
Let b(n) = -2*n + 3*n - 2*n + 13. Let w be 576/28 - 32/56. Suppose -w*h - h + 189 = 0. Determine b(h).
4
Let x(r) = r**3 + 11*r**2 + 5*r - 8. Let l = 7462 + -7473. What is x(l)?
-63
Let b(q) = 14*q + 6 - 29*q - q**2 - 4*q + 13*q. Give b(0).
6
Let u(h) = 2*h**2 + 10*h - 3. Let k = -497 - -502. Let r(g) = -3*g**2 - 20*g + 8. Let m(o) = k*u(o) + 3*r(o). Calculate m(9).
0
Suppose -25 = 2*h - 31. Let a(m) = h*m**3 - 6*m**3 + 418 - 417 - m**2. Give a(-1).
3
Let x(p) = -p**2 + 10*p + 4. Let w be (1 + -1 - 21)*(-1)/(-3). Let c be ((105/(-10))/w)/(9/258). Let y = c - 32. Give x(y).
-7
Let i(x) = 2*x**2 - 13*x + 12. Let k be i(6). Let t(j) = 105 + k*j**2 - 102 - 3*j**2 - 4*j**2. Let n = 120 + -120. Give t(n).
3
Let x(j) = -39*j + 120*j - 18 - 38*j - 45*j. Calculate x(-5).
-8
Let g(o) = -12*o - 26. Let h(n) = 5*n + 11. Let m(k) = 2*g(k) + 5*h(k). Let a = 147 - 142. Calculate m(a).
8
Let f(l) be the first derivative of -l**3/3 - 7*l**2/2 - 5*l + 2. Let y = -63 + 58. What is f(y)?
5
Let j(a) = -a - 4. Let r be j(-5). Let m(o) = 14*o + 25. Let f(c) = -3*c - 6 + 3*c + 2*c - 8*c - 5. Let b(u) = 9*f(u) + 4*m(u). Calculate b(r).
3
Let u(a) be the third derivative of a**4/8 - 2*a**3 - 11*a**2. Let i be 9/(12/3 + -3) + -4. Calculate u(i).
3
Suppose 0 = 5*y + 4*k - 16, -4*y - 8 = 4*k - 6*k. Let s be 1 + 9 + -2 + y. Let c be ((-90)/20)/(6/s). Let i(b) = -b**3 - 7*b**2 - 9*b - 7. Determine i(c).
11
Let q(j) = -19 + 25*j - 3*j + 16*j + 21 - 3. Calculate q(-1).
-39
Let y(j) = 3*j**3 + 239*j**2 + 161*j + 245. Let o be y(-79). Let b(f) = 17*f - 148. What is b(o)?
-12
Let l(d) = d**2 + 5*d - 15. Let b be (((-198)/(-77))/1)/((-45)/210). Determine l(b).
69
Suppose -2*u + 10 = 32. Let y(r) = -14*r + 16. Let o(a) = 3*a - 3. Let x(c) = u*o(c) - 2*y(c). Let b = -6831 - -6830. Calculate x(b).
6
Suppose 2*t + 0*v + 5*v + 21 = 0, 4*t + 5*v = -27. Let r(x) be the third derivative of -x**5/60 + 4*x**3/3 - 316*x**2 + 1. Determine r(t).
-1
Let l(s) = 22. Let y(d) = -8*d - 211. Let q(i) = 6*l(i) + y(i). Calculate q(-9).
-7
Let o(v) = v**3 - 11*v + 1. Let r(j) = -j**3 + 24*j**2 - 43*j - 22. Let y be r(22). Give o(y).
1
Let q(z) = z**3 + 15*z**2 + 15*z - 11. Suppose 64*w = 14*w - 200*w - 3500. Calculate q(w).
-25
Let m(x) be the second derivative of -x**3/6 - 2*x**2 - 80*x. Let r be m(8). Let g(b) = b**3 + 13*b**2 + 14*b + 12. Determine g(r).
-12
Let y(m) = -178*m**2 - 139*m**2 + 320*m**2 + m + 1 + 3*m**3. Let v = 1 - 3. What is y(v)?
-13
Let g(y) = -12*y + 17. Let u(l) = -2*l + 1. Let k(r) = -g(r) + 5*u(r). Let q be 0 - -15 - (-10 - (-1 - 14)). Calculate k(q).
8
Let y = -263 + 265. Let t(x) = -24*x + 63*x - 11*x**y + x**3 + 7 - 30*x. Calculate t(10).
-3
Let k(d) = -7*d + 5. Suppose 5*o - 14*w + 17*w = 1941, 2*o - 768 = 3*w. Let p be (o/45 + -8)/((-1)/(-5)). Give k(p).
-16
Let r(h) = -227*h + 3852. Let o be r(17). Let s(v) = v**3 + 5*v**2 - 11*v + 28. Give s(o).
7
Let v = -5 + 10. Let o(u) = 4*u**3 + 5*u - 2. Let z(s) = -s**3 + s**2. Let t(a) = -o(a) - 5*z(a). What is t(v)?
-23
Let z = 1928/3 - 642. Let u(c) be the first derivative of -z*c**3 - 2*c - 1/4*c**4 + 12 + 0*c**2. Determine u(-3).
7
Let i(q) be the first derivative of q**2/2 - 4*q - 1761. Suppose -5*c + 45 = 4*n, -4*n + 2*n - c = -15. Calculate i(n).
1
Let i(z) = -47*z + 116*z + 33*z + 383 + 418 + z**2 - 27*z. Give i(-62).
-5
Let r(n) be the first derivative of 0*n + 9/4*n**4 - 129 + 0*n**2 - 1/3*n**3. What is r(1)?
8
Let j(z) = z**3 - z**2 - 2*z + 1. Let r(l) = l**2 + 8*l + 10. Suppose -28 = 2*v - k + 5*k, 3*k = 5*v + 31. Let x be r(v). Suppose 9*g + 8 = -x. Calculate j(g).
-7
Let o be ((-8)/(-5))/((-47)/235). Suppose 3*v - v = 454. Let d(y) = v - y + 0*y - 233. Determine d(o).
2
Let g(c) = 92*c - 292. Let n(i) = -31*i + 108. Let w(h) = -3*g(h) - 8*n(h). Give w(0).
12
Let g = 1 + 2. Suppose -5 = -s + 2*k, -s = k - 0*k - 20. Let h(z) = -42 + s - z**2 + 10 + 2*z + 16. Calculate h(g).
-4
Suppose 76*x = 106*x - 120. Let h be (2 + -3 + 1)*1. Let s be (h + x)*3/6. Let f(a) = a**2 - 3*a. Give f(s).
-2
Suppose -9*a = -19*a + 20. Suppose 14 = -b - y, 7*b + a*y - 8 = 9*b. Let w(i) = -i**3 - 9*i**2 + i + 8. Determine w(b).
-1
Let n(o) be the second derivative of o**4/12 - o**3 + 2*o**2 - 9*o + 542. Suppose -15 = -4*d + 9. Give n(d).
4
Suppose 23*s = 27*s - 40. Let b(o) = 15 + s - 34 - o + 9. Determine b(-10).
10
Let j(i) = -i**2 - 11*i - 5. Let b = -88 + 88. Let l be b + (5/(-2))/((-6)/(-24)). Determine j(l).
5
Let p(m) = -2*m - 3. Suppose 3*x + 16 = -x, -3*j + x = -28. Suppose -a = a - j. Let n(g) = -g - 4. Let y(o) = a*n(o) - 5*p(o). Give y(-2).
-13
Let z be 1 + (5 - 0) + (126/(-12))/21. Let x(u) be the second derivative of z*u**2 + 0 - 12*u + 1/3*u**3. Determine x(-8).
-5
Let n be (-48)/6 + -7 + 18. Let g(b) = -b**3 + 2*b**2 + 3*b + 2. What is g(n)?
2
Let u(s) = 126 + 97106*s - 194218*s + 97089*s. What is u(5)?
11
Let m(p) = 37*p**2 + 141*p - 24. Let d(i) = -9*i**2 - 31*i + 6. Let h(l) = 9*d(l) + 2*